[INFO] cloning repository https://github.com/DarthStrom/evercraft
[INFO] running `Command { std: "git" "-c" "credential.helper=" "-c" "credential.helper=/workspace/cargo-home/bin/git-credential-null" "clone" "--bare" "https://github.com/DarthStrom/evercraft" "/workspace/cache/git-repos/https%3A%2F%2Fgithub.com%2FDarthStrom%2Fevercraft", kill_on_drop: false }`
[INFO] [stderr] Cloning into bare repository '/workspace/cache/git-repos/https%3A%2F%2Fgithub.com%2FDarthStrom%2Fevercraft'...
[INFO] running `Command { std: "git" "rev-parse" "HEAD", kill_on_drop: false }`
[INFO] [stdout] 09ff5c3368ee21218fd000398cf6e8f928973841
[INFO] checking DarthStrom/evercraft against try#72f88fc4e9458f89516a0b8b0868f3718aec5b47 for pr-74989
[INFO] running `Command { std: "git" "clone" "/workspace/cache/git-repos/https%3A%2F%2Fgithub.com%2FDarthStrom%2Fevercraft" "/workspace/builds/worker-6/source", kill_on_drop: false }`
[INFO] [stderr] Cloning into '/workspace/builds/worker-6/source'...
[INFO] [stderr] done.
[INFO] validating manifest of git repo https://github.com/DarthStrom/evercraft on toolchain 72f88fc4e9458f89516a0b8b0868f3718aec5b47
[INFO] running `Command { std: "/workspace/cargo-home/bin/cargo" "+72f88fc4e9458f89516a0b8b0868f3718aec5b47" "read-manifest" "--manifest-path" "Cargo.toml", kill_on_drop: false }`
[INFO] started tweaking git repo https://github.com/DarthStrom/evercraft
[INFO] finished tweaking git repo https://github.com/DarthStrom/evercraft
[INFO] tweaked toml for git repo https://github.com/DarthStrom/evercraft written to /workspace/builds/worker-6/source/Cargo.toml
[INFO] crate git repo https://github.com/DarthStrom/evercraft already has a lockfile, it will not be regenerated
[INFO] running `Command { std: "/workspace/cargo-home/bin/cargo" "+72f88fc4e9458f89516a0b8b0868f3718aec5b47" "fetch" "--locked" "--manifest-path" "Cargo.toml", kill_on_drop: false }`
[INFO] running `Command { std: "docker" "create" "-v" "/var/lib/crater-agent-workspace/builds/worker-6/target:/opt/rustwide/target:rw,Z" "-v" "/var/lib/crater-agent-workspace/builds/worker-6/source:/opt/rustwide/workdir:ro,Z" "-v" "/var/lib/crater-agent-workspace/cargo-home:/opt/rustwide/cargo-home:ro,Z" "-v" "/var/lib/crater-agent-workspace/rustup-home:/opt/rustwide/rustup-home:ro,Z" "-e" "SOURCE_DIR=/opt/rustwide/workdir" "-e" "CARGO_TARGET_DIR=/opt/rustwide/target" "-e" "CARGO_HOME=/opt/rustwide/cargo-home" "-e" "RUSTUP_HOME=/opt/rustwide/rustup-home" "-w" "/opt/rustwide/workdir" "-m" "1610612736" "--user" "0:0" "--network" "none" "rustops/crates-build-env@sha256:d92eaeed33fa75130ca1ee6c8a01d1ffb62bac859dfdfb3450e3e5d1c0146529" "/opt/rustwide/cargo-home/bin/cargo" "+72f88fc4e9458f89516a0b8b0868f3718aec5b47" "metadata" "--no-deps" "--format-version=1", kill_on_drop: false }`
[INFO] [stdout] 71505a0ea95fbe1cb067bc1cc91a36ac8d39ab1777bb05105b1c8c78ac38133e
[INFO] [stderr] WARNING: Your kernel does not support swap limit capabilities or the cgroup is not mounted. Memory limited without swap.
[INFO] running `Command { std: "docker" "start" "-a" "71505a0ea95fbe1cb067bc1cc91a36ac8d39ab1777bb05105b1c8c78ac38133e", kill_on_drop: false }`
[INFO] running `Command { std: "docker" "inspect" "71505a0ea95fbe1cb067bc1cc91a36ac8d39ab1777bb05105b1c8c78ac38133e", kill_on_drop: false }`
[INFO] running `Command { std: "docker" "rm" "-f" "71505a0ea95fbe1cb067bc1cc91a36ac8d39ab1777bb05105b1c8c78ac38133e", kill_on_drop: false }`
[INFO] [stdout] 71505a0ea95fbe1cb067bc1cc91a36ac8d39ab1777bb05105b1c8c78ac38133e
[INFO] running `Command { std: "docker" "create" "-v" "/var/lib/crater-agent-workspace/builds/worker-6/target:/opt/rustwide/target:rw,Z" "-v" "/var/lib/crater-agent-workspace/builds/worker-6/source:/opt/rustwide/workdir:ro,Z" "-v" "/var/lib/crater-agent-workspace/cargo-home:/opt/rustwide/cargo-home:ro,Z" "-v" "/var/lib/crater-agent-workspace/rustup-home:/opt/rustwide/rustup-home:ro,Z" "-e" "SOURCE_DIR=/opt/rustwide/workdir" "-e" "CARGO_TARGET_DIR=/opt/rustwide/target" "-e" "CARGO_INCREMENTAL=0" "-e" "RUST_BACKTRACE=full" "-e" "RUSTFLAGS=--cap-lints=forbid" "-e" "CARGO_HOME=/opt/rustwide/cargo-home" "-e" "RUSTUP_HOME=/opt/rustwide/rustup-home" "-w" "/opt/rustwide/workdir" "-m" "1610612736" "--user" "0:0" "--network" "none" "rustops/crates-build-env@sha256:d92eaeed33fa75130ca1ee6c8a01d1ffb62bac859dfdfb3450e3e5d1c0146529" "/opt/rustwide/cargo-home/bin/cargo" "+72f88fc4e9458f89516a0b8b0868f3718aec5b47" "check" "--frozen" "--all" "--all-targets" "--message-format=json", kill_on_drop: false }`
[INFO] [stderr] WARNING: Your kernel does not support swap limit capabilities or the cgroup is not mounted. Memory limited without swap.
[INFO] [stdout] 76351694e4f56b55ce6b8b1a2e23d79865243622ebb2126f35683dc4c985cfcf
[INFO] running `Command { std: "docker" "start" "-a" "76351694e4f56b55ce6b8b1a2e23d79865243622ebb2126f35683dc4c985cfcf", kill_on_drop: false }`
[INFO] [stderr]     Checking evercraft v0.0.1 (/opt/rustwide/workdir)
[INFO] [stdout] error: cannot find attribute `deriving` in this scope
[INFO] [stdout]   --> src/lib.rs:10:3
[INFO] [stdout]    |
[INFO] [stdout] 10 | #[deriving(PartialEq)]
[INFO] [stdout]    |   ^^^^^^^^
[INFO] [stdout] 
[INFO] [stdout] 
[INFO] [stdout] error: cannot find attribute `deriving` in this scope
[INFO] [stdout]  --> src/lib.rs:3:3
[INFO] [stdout]   |
[INFO] [stdout] 3 | #[deriving(PartialEq)]
[INFO] [stdout]   |   ^^^^^^^^
[INFO] [stdout] 
[INFO] [stdout] 
[INFO] [stdout] error[E0432]: unresolved imports `super::Good`, `super::Neutral`, `super::Evil`, `super::Alive`, `super::Dead`
[INFO] [stdout]    --> src/lib.rs:158:17
[INFO] [stdout]     |
[INFO] [stdout] 158 |     use super::{Good, Neutral, Evil, Alive, Dead, Character, Combatants,
[INFO] [stdout]     |                 ^^^^  ^^^^^^^  ^^^^  ^^^^^  ^^^^ no `Dead` in the root
[INFO] [stdout]     |                 |     |        |     |
[INFO] [stdout]     |                 |     |        |     no `Alive` in the root
[INFO] [stdout]     |                 |     |        no `Evil` in the root
[INFO] [stdout]     |                 |     no `Neutral` in the root
[INFO] [stdout]     |                 no `Good` in the root
[INFO] [stdout] 
[INFO] [stdout] 
[INFO] [stdout] error: cannot find attribute `deriving` in this scope
[INFO] [stdout]  --> src/lib.rs:3:3
[INFO] [stdout]   |
[INFO] [stdout] 3 | #[deriving(PartialEq)]
[INFO] [stdout]   |   ^^^^^^^^
[INFO] [stdout] 
[INFO] [stdout] 
[INFO] [stdout] error: cannot find attribute `deriving` in this scope
[INFO] [stdout]   --> src/lib.rs:10:3
[INFO] [stdout]    |
[INFO] [stdout] 10 | #[deriving(PartialEq)]
[INFO] [stdout]    |   ^^^^^^^^
[INFO] [stdout] 
[INFO] [stdout] 
[INFO] [stdout] error[E0412]: cannot find type `int` in this scope
[INFO] [stdout]   --> src/lib.rs:19:18
[INFO] [stdout]    |
[INFO] [stdout] 19 |     armor_class: int,
[INFO] [stdout]    |                  ^^^ not found in this scope
[INFO] [stdout] 
[INFO] [stdout] 
[INFO] [stdout] error[E0412]: cannot find type `int` in this scope
[INFO] [stdout]   --> src/lib.rs:20:17
[INFO] [stdout]    |
[INFO] [stdout] 20 |     hit_points: int,
[INFO] [stdout]    |                 ^^^ not found in this scope
[INFO] [stdout] 
[INFO] [stdout] 
[INFO] [stdout] error[E0412]: cannot find type `int` in this scope
[INFO] [stdout]   --> src/lib.rs:22:15
[INFO] [stdout]    |
[INFO] [stdout] 22 |     strength: int,
[INFO] [stdout]    |               ^^^ not found in this scope
[INFO] [stdout] 
[INFO] [stdout] 
[INFO] [stdout] error[E0412]: cannot find type `int` in this scope
[INFO] [stdout]   --> src/lib.rs:23:16
[INFO] [stdout]    |
[INFO] [stdout] 23 |     dexterity: int,
[INFO] [stdout]    |                ^^^ not found in this scope
[INFO] [stdout] 
[INFO] [stdout] 
[INFO] [stdout] error[E0412]: cannot find type `int` in this scope
[INFO] [stdout]   --> src/lib.rs:24:19
[INFO] [stdout]    |
[INFO] [stdout] 24 |     constitution: int,
[INFO] [stdout]    |                   ^^^ not found in this scope
[INFO] [stdout] 
[INFO] [stdout] 
[INFO] [stdout] error[E0412]: cannot find type `int` in this scope
[INFO] [stdout]   --> src/lib.rs:25:13
[INFO] [stdout]    |
[INFO] [stdout] 25 |     wisdom: int,
[INFO] [stdout]    |             ^^^ not found in this scope
[INFO] [stdout] 
[INFO] [stdout] 
[INFO] [stdout] error[E0412]: cannot find type `int` in this scope
[INFO] [stdout]   --> src/lib.rs:26:19
[INFO] [stdout]    |
[INFO] [stdout] 26 |     intelligence: int,
[INFO] [stdout]    |                   ^^^ not found in this scope
[INFO] [stdout] 
[INFO] [stdout] 
[INFO] [stdout] error[E0412]: cannot find type `int` in this scope
[INFO] [stdout]   --> src/lib.rs:27:15
[INFO] [stdout]    |
[INFO] [stdout] 27 |     charisma: int,
[INFO] [stdout]    |               ^^^ not found in this scope
[INFO] [stdout] 
[INFO] [stdout] 
[INFO] [stdout] error[E0412]: cannot find type `int` in this scope
[INFO] [stdout]   --> src/lib.rs:28:17
[INFO] [stdout]    |
[INFO] [stdout] 28 |     experience: int
[INFO] [stdout]    |                 ^^^ not found in this scope
[INFO] [stdout] 
[INFO] [stdout] 
[INFO] [stdout] error[E0425]: cannot find value `Evil` in this scope
[INFO] [stdout]   --> src/lib.rs:40:24
[INFO] [stdout]    |
[INFO] [stdout] 40 |             alignment: Evil,
[INFO] [stdout]    |                        ^^^^ not found in this scope
[INFO] [stdout]    |
[INFO] [stdout] help: consider importing this unit variant
[INFO] [stdout]    |
[INFO] [stdout] 1  | use Alignment::Evil;
[INFO] [stdout]    |
[INFO] [stdout] 
[INFO] [stdout] 
[INFO] [stdout] error[E0425]: cannot find value `Alive` in this scope
[INFO] [stdout]   --> src/lib.rs:43:23
[INFO] [stdout]    |
[INFO] [stdout] 43 |             vitality: Alive,
[INFO] [stdout]    |                       ^^^^^ not found in this scope
[INFO] [stdout]    |
[INFO] [stdout] help: consider importing this unit variant
[INFO] [stdout]    |
[INFO] [stdout] 1  | use Vitality::Alive;
[INFO] [stdout]    |
[INFO] [stdout] 
[INFO] [stdout] 
[INFO] [stdout] error[E0412]: cannot find type `int` in this scope
[INFO] [stdout]   --> src/lib.rs:55:24
[INFO] [stdout]    |
[INFO] [stdout] 55 | fn modifier_for(score: int) -> int {
[INFO] [stdout]    |                        ^^^ not found in this scope
[INFO] [stdout] 
[INFO] [stdout] 
[INFO] [stdout] error[E0412]: cannot find type `int` in this scope
[INFO] [stdout]   --> src/lib.rs:55:32
[INFO] [stdout]    |
[INFO] [stdout] 55 | fn modifier_for(score: int) -> int {
[INFO] [stdout]    |                                ^^^ not found in this scope
[INFO] [stdout] 
[INFO] [stdout] 
[INFO] [stdout] error[E0412]: cannot find type `int` in this scope
[INFO] [stdout]   --> src/lib.rs:59:30
[INFO] [stdout]    |
[INFO] [stdout] 59 | fn get_crit_multiplier(roll: int) -> int {
[INFO] [stdout]    |                              ^^^ not found in this scope
[INFO] [stdout] 
[INFO] [stdout] 
[INFO] [stdout] error[E0412]: cannot find type `int` in this scope
[INFO] [stdout]   --> src/lib.rs:59:38
[INFO] [stdout]    |
[INFO] [stdout] 59 | fn get_crit_multiplier(roll: int) -> int {
[INFO] [stdout]    |                                      ^^^ not found in this scope
[INFO] [stdout] 
[INFO] [stdout] 
[INFO] [stdout] error[E0412]: cannot find type `int` in this scope
[INFO] [stdout]   --> src/lib.rs:67:29
[INFO] [stdout]    |
[INFO] [stdout] 67 | fn get_vitality(hit_points: int) -> Vitality {
[INFO] [stdout]    |                             ^^^ not found in this scope
[INFO] [stdout] 
[INFO] [stdout] 
[INFO] [stdout] error[E0425]: cannot find value `Dead` in this scope
[INFO] [stdout]   --> src/lib.rs:69:9
[INFO] [stdout]    |
[INFO] [stdout] 69 |         Dead
[INFO] [stdout]    |         ^^^^ not found in this scope
[INFO] [stdout]    |
[INFO] [stdout] help: consider importing this unit variant
[INFO] [stdout]    |
[INFO] [stdout] 1  | use Vitality::Dead;
[INFO] [stdout]    |
[INFO] [stdout] 
[INFO] [stdout] 
[INFO] [stdout] error[E0425]: cannot find value `Alive` in this scope
[INFO] [stdout]   --> src/lib.rs:71:9
[INFO] [stdout]    |
[INFO] [stdout] 71 |         Alive
[INFO] [stdout]    |         ^^^^^ not found in this scope
[INFO] [stdout]    |
[INFO] [stdout] help: consider importing this unit variant
[INFO] [stdout]    |
[INFO] [stdout] 1  | use Vitality::Alive;
[INFO] [stdout]    |
[INFO] [stdout] 
[INFO] [stdout] 
[INFO] [stdout] error[E0412]: cannot find type `int` in this scope
[INFO] [stdout]   --> src/lib.rs:19:18
[INFO] [stdout]    |
[INFO] [stdout] 19 |     armor_class: int,
[INFO] [stdout]    |                  ^^^ not found in this scope
[INFO] [stdout] 
[INFO] [stdout] 
[INFO] [stdout] error[E0412]: cannot find type `int` in this scope
[INFO] [stdout]   --> src/lib.rs:20:17
[INFO] [stdout]    |
[INFO] [stdout] 20 |     hit_points: int,
[INFO] [stdout]    |                 ^^^ not found in this scope
[INFO] [stdout] 
[INFO] [stdout] 
[INFO] [stdout] error[E0412]: cannot find type `int` in this scope
[INFO] [stdout]   --> src/lib.rs:22:15
[INFO] [stdout]    |
[INFO] [stdout] 22 |     strength: int,
[INFO] [stdout]    |               ^^^ not found in this scope
[INFO] [stdout] 
[INFO] [stdout] 
[INFO] [stdout] error[E0412]: cannot find type `int` in this scope
[INFO] [stdout]   --> src/lib.rs:23:16
[INFO] [stdout]    |
[INFO] [stdout] 23 |     dexterity: int,
[INFO] [stdout]    |                ^^^ not found in this scope
[INFO] [stdout] 
[INFO] [stdout] 
[INFO] [stdout] error[E0412]: cannot find type `int` in this scope
[INFO] [stdout]   --> src/lib.rs:24:19
[INFO] [stdout]    |
[INFO] [stdout] 24 |     constitution: int,
[INFO] [stdout]    |                   ^^^ not found in this scope
[INFO] [stdout] 
[INFO] [stdout] 
[INFO] [stdout] error[E0412]: cannot find type `int` in this scope
[INFO] [stdout]   --> src/lib.rs:25:13
[INFO] [stdout]    |
[INFO] [stdout] 25 |     wisdom: int,
[INFO] [stdout]    |             ^^^ not found in this scope
[INFO] [stdout] 
[INFO] [stdout] 
[INFO] [stdout] error[E0412]: cannot find type `int` in this scope
[INFO] [stdout]   --> src/lib.rs:26:19
[INFO] [stdout]    |
[INFO] [stdout] 26 |     intelligence: int,
[INFO] [stdout]    |                   ^^^ not found in this scope
[INFO] [stdout] 
[INFO] [stdout] 
[INFO] [stdout] error[E0412]: cannot find type `int` in this scope
[INFO] [stdout]   --> src/lib.rs:27:15
[INFO] [stdout]    |
[INFO] [stdout] 27 |     charisma: int,
[INFO] [stdout]    |               ^^^ not found in this scope
[INFO] [stdout] 
[INFO] [stdout] 
[INFO] [stdout] error[E0412]: cannot find type `int` in this scope
[INFO] [stdout]   --> src/lib.rs:28:17
[INFO] [stdout]    |
[INFO] [stdout] 28 |     experience: int
[INFO] [stdout]    |                 ^^^ not found in this scope
[INFO] [stdout] 
[INFO] [stdout] 
[INFO] [stdout] error[E0425]: cannot find value `Evil` in this scope
[INFO] [stdout]   --> src/lib.rs:40:24
[INFO] [stdout]    |
[INFO] [stdout] 40 |             alignment: Evil,
[INFO] [stdout]    |                        ^^^^ not found in this scope
[INFO] [stdout]    |
[INFO] [stdout] help: consider importing this unit variant
[INFO] [stdout]    |
[INFO] [stdout] 1  | use Alignment::Evil;
[INFO] [stdout]    |
[INFO] [stdout] 
[INFO] [stdout] 
[INFO] [stdout] error[E0425]: cannot find value `Alive` in this scope
[INFO] [stdout]   --> src/lib.rs:43:23
[INFO] [stdout]    |
[INFO] [stdout] 43 |             vitality: Alive,
[INFO] [stdout]    |                       ^^^^^ not found in this scope
[INFO] [stdout]    |
[INFO] [stdout] help: consider importing this unit variant
[INFO] [stdout]    |
[INFO] [stdout] 1  | use Vitality::Alive;
[INFO] [stdout]    |
[INFO] [stdout] 
[INFO] [stdout] 
[INFO] [stdout] error[E0412]: cannot find type `int` in this scope
[INFO] [stdout]   --> src/lib.rs:55:24
[INFO] [stdout]    |
[INFO] [stdout] 55 | fn modifier_for(score: int) -> int {
[INFO] [stdout]    |                        ^^^ not found in this scope
[INFO] [stdout] 
[INFO] [stdout] 
[INFO] [stdout] error[E0412]: cannot find type `int` in this scope
[INFO] [stdout]   --> src/lib.rs:55:32
[INFO] [stdout]    |
[INFO] [stdout] 55 | fn modifier_for(score: int) -> int {
[INFO] [stdout]    |                                ^^^ not found in this scope
[INFO] [stdout] 
[INFO] [stdout] 
[INFO] [stdout] error[E0412]: cannot find type `int` in this scope
[INFO] [stdout]   --> src/lib.rs:59:30
[INFO] [stdout]    |
[INFO] [stdout] 59 | fn get_crit_multiplier(roll: int) -> int {
[INFO] [stdout]    |                              ^^^ not found in this scope
[INFO] [stdout] 
[INFO] [stdout] 
[INFO] [stdout] error[E0412]: cannot find type `int` in this scope
[INFO] [stdout]   --> src/lib.rs:59:38
[INFO] [stdout]    |
[INFO] [stdout] 59 | fn get_crit_multiplier(roll: int) -> int {
[INFO] [stdout]    |                                      ^^^ not found in this scope
[INFO] [stdout] 
[INFO] [stdout] 
[INFO] [stdout] error[E0412]: cannot find type `int` in this scope
[INFO] [stdout]   --> src/lib.rs:67:29
[INFO] [stdout]    |
[INFO] [stdout] 67 | fn get_vitality(hit_points: int) -> Vitality {
[INFO] [stdout]    |                             ^^^ not found in this scope
[INFO] [stdout] 
[INFO] [stdout] 
[INFO] [stdout] error[E0425]: cannot find value `Dead` in this scope
[INFO] [stdout]   --> src/lib.rs:69:9
[INFO] [stdout]    |
[INFO] [stdout] 69 |         Dead
[INFO] [stdout]    |         ^^^^ not found in this scope
[INFO] [stdout]    |
[INFO] [stdout] help: consider importing this unit variant
[INFO] [stdout]    |
[INFO] [stdout] 1  | use Vitality::Dead;
[INFO] [stdout]    |
[INFO] [stdout] 
[INFO] [stdout] 
[INFO] [stdout] error[E0412]: cannot find type `int` in this scope
[INFO] [stdout]   --> src/lib.rs:75:34
[INFO] [stdout]    |
[INFO] [stdout] 75 | fn get_hit_point_reduction(roll: int, armor_class: int, damage: int) -> int {
[INFO] [stdout]    |                                  ^^^ not found in this scope
[INFO] [stdout] 
[INFO] [stdout] 
[INFO] [stdout] error[E0412]: cannot find type `int` in this scope
[INFO] [stdout]   --> src/lib.rs:75:52
[INFO] [stdout]    |
[INFO] [stdout] 75 | fn get_hit_point_reduction(roll: int, armor_class: int, damage: int) -> int {
[INFO] [stdout]    |                                                    ^^^ not found in this scope
[INFO] [stdout] 
[INFO] [stdout] 
[INFO] [stdout] error[E0425]: cannot find value `Alive` in this scope
[INFO] [stdout]   --> src/lib.rs:71:9
[INFO] [stdout]    |
[INFO] [stdout] 71 |         Alive
[INFO] [stdout]    |         ^^^^^ not found in this scope
[INFO] [stdout]    |
[INFO] [stdout] help: consider importing this unit variant
[INFO] [stdout]    |
[INFO] [stdout] 1  | use Vitality::Alive;
[INFO] [stdout]    |
[INFO] [stdout] 
[INFO] [stdout] 
[INFO] [stdout] error[E0412]: cannot find type `int` in this scope
[INFO] [stdout]   --> src/lib.rs:75:65
[INFO] [stdout]    |
[INFO] [stdout] 75 | fn get_hit_point_reduction(roll: int, armor_class: int, damage: int) -> int {
[INFO] [stdout]    |                                                                 ^^^ not found in this scope
[INFO] [stdout] 
[INFO] [stdout] 
[INFO] [stdout] error[E0412]: cannot find type `int` in this scope
[INFO] [stdout]   --> src/lib.rs:75:73
[INFO] [stdout]    |
[INFO] [stdout] 75 | fn get_hit_point_reduction(roll: int, armor_class: int, damage: int) -> int {
[INFO] [stdout]    |                                                                         ^^^ not found in this scope
[INFO] [stdout] 
[INFO] [stdout] 
[INFO] [stdout] error[E0412]: cannot find type `int` in this scope
[INFO] [stdout]   --> src/lib.rs:83:30
[INFO] [stdout]    |
[INFO] [stdout] 83 | fn get_modified_damage(roll: int, modifier: int) -> int {
[INFO] [stdout]    |                              ^^^ not found in this scope
[INFO] [stdout] 
[INFO] [stdout] 
[INFO] [stdout] error[E0412]: cannot find type `int` in this scope
[INFO] [stdout]   --> src/lib.rs:75:34
[INFO] [stdout]    |
[INFO] [stdout] 75 | fn get_hit_point_reduction(roll: int, armor_class: int, damage: int) -> int {
[INFO] [stdout]    |                                  ^^^ not found in this scope
[INFO] [stdout] 
[INFO] [stdout] 
[INFO] [stdout] error[E0412]: cannot find type `int` in this scope
[INFO] [stdout]   --> src/lib.rs:83:45
[INFO] [stdout]    |
[INFO] [stdout] 83 | fn get_modified_damage(roll: int, modifier: int) -> int {
[INFO] [stdout]    |                                             ^^^ not found in this scope
[INFO] [stdout] 
[INFO] [stdout] 
[INFO] [stdout] error[E0412]: cannot find type `int` in this scope
[INFO] [stdout]   --> src/lib.rs:83:53
[INFO] [stdout]    |
[INFO] [stdout] 83 | fn get_modified_damage(roll: int, modifier: int) -> int {
[INFO] [stdout]    |                                                     ^^^ not found in this scope
[INFO] [stdout] 
[INFO] [stdout] 
[INFO] [stdout] error[E0412]: cannot find type `int` in this scope
[INFO] [stdout]   --> src/lib.rs:75:52
[INFO] [stdout]    |
[INFO] [stdout] 75 | fn get_hit_point_reduction(roll: int, armor_class: int, damage: int) -> int {
[INFO] [stdout]    |                                                    ^^^ not found in this scope
[INFO] [stdout] 
[INFO] [stdout] 
[INFO] [stdout] error[E0412]: cannot find type `int` in this scope
[INFO] [stdout]   --> src/lib.rs:97:40
[INFO] [stdout]    |
[INFO] [stdout] 97 | fn get_modified_hit_points(hit_points: int, modifier: int) -> int {
[INFO] [stdout]    |                                        ^^^ not found in this scope
[INFO] [stdout] 
[INFO] [stdout] 
[INFO] [stdout] error[E0412]: cannot find type `int` in this scope
[INFO] [stdout]   --> src/lib.rs:97:55
[INFO] [stdout]    |
[INFO] [stdout] 97 | fn get_modified_hit_points(hit_points: int, modifier: int) -> int {
[INFO] [stdout]    |                                                       ^^^ not found in this scope
[INFO] [stdout] 
[INFO] [stdout] 
[INFO] [stdout] error[E0412]: cannot find type `int` in this scope
[INFO] [stdout]   --> src/lib.rs:75:65
[INFO] [stdout]    |
[INFO] [stdout] 75 | fn get_hit_point_reduction(roll: int, armor_class: int, damage: int) -> int {
[INFO] [stdout]    |                                                                 ^^^ not found in this scope
[INFO] [stdout] 
[INFO] [stdout] 
[INFO] [stdout] error[E0412]: cannot find type `int` in this scope
[INFO] [stdout]   --> src/lib.rs:97:63
[INFO] [stdout]    |
[INFO] [stdout] 97 | fn get_modified_hit_points(hit_points: int, modifier: int) -> int {
[INFO] [stdout]    |                                                               ^^^ not found in this scope
[INFO] [stdout] 
[INFO] [stdout] 
[INFO] [stdout] error[E0412]: cannot find type `int` in this scope
[INFO] [stdout]    --> src/lib.rs:107:41
[INFO] [stdout]     |
[INFO] [stdout] 107 | fn attack(combatants: Combatants, roll: int) -> Combatants {
[INFO] [stdout]     |                                         ^^^ not found in this scope
[INFO] [stdout] 
[INFO] [stdout] 
[INFO] [stdout] error[E0412]: cannot find type `int` in this scope
[INFO] [stdout]   --> src/lib.rs:75:73
[INFO] [stdout]    |
[INFO] [stdout] 75 | fn get_hit_point_reduction(roll: int, armor_class: int, damage: int) -> int {
[INFO] [stdout]    |                                                                         ^^^ not found in this scope
[INFO] [stdout] 
[INFO] [stdout] 
[INFO] [stdout] error[E0412]: cannot find type `int` in this scope
[INFO] [stdout]   --> src/lib.rs:83:30
[INFO] [stdout]    |
[INFO] [stdout] 83 | fn get_modified_damage(roll: int, modifier: int) -> int {
[INFO] [stdout]    |                              ^^^ not found in this scope
[INFO] [stdout] 
[INFO] [stdout] 
[INFO] [stdout] error[E0412]: cannot find type `int` in this scope
[INFO] [stdout]   --> src/lib.rs:83:45
[INFO] [stdout]    |
[INFO] [stdout] 83 | fn get_modified_damage(roll: int, modifier: int) -> int {
[INFO] [stdout]    |                                             ^^^ not found in this scope
[INFO] [stdout] 
[INFO] [stdout] 
[INFO] [stdout] error[E0412]: cannot find type `int` in this scope
[INFO] [stdout]   --> src/lib.rs:83:53
[INFO] [stdout]    |
[INFO] [stdout] 83 | fn get_modified_damage(roll: int, modifier: int) -> int {
[INFO] [stdout]    |                                                     ^^^ not found in this scope
[INFO] [stdout] 
[INFO] [stdout] 
[INFO] [stdout] error[E0412]: cannot find type `int` in this scope
[INFO] [stdout]   --> src/lib.rs:97:40
[INFO] [stdout]    |
[INFO] [stdout] 97 | fn get_modified_hit_points(hit_points: int, modifier: int) -> int {
[INFO] [stdout]    |                                        ^^^ not found in this scope
[INFO] [stdout] 
[INFO] [stdout] 
[INFO] [stdout] error[E0412]: cannot find type `int` in this scope
[INFO] [stdout]   --> src/lib.rs:97:55
[INFO] [stdout]    |
[INFO] [stdout] 97 | fn get_modified_hit_points(hit_points: int, modifier: int) -> int {
[INFO] [stdout]    |                                                       ^^^ not found in this scope
[INFO] [stdout] 
[INFO] [stdout] 
[INFO] [stdout] error[E0412]: cannot find type `int` in this scope
[INFO] [stdout]   --> src/lib.rs:97:63
[INFO] [stdout]    |
[INFO] [stdout] 97 | fn get_modified_hit_points(hit_points: int, modifier: int) -> int {
[INFO] [stdout]    |                                                               ^^^ not found in this scope
[INFO] [stdout] 
[INFO] [stdout] 
[INFO] [stdout] error[E0412]: cannot find type `int` in this scope
[INFO] [stdout]    --> src/lib.rs:107:41
[INFO] [stdout]     |
[INFO] [stdout] 107 | fn attack(combatants: Combatants, roll: int) -> Combatants {
[INFO] [stdout]     |                                         ^^^ not found in this scope
[INFO] [stdout] 
[INFO] [stdout] 
[INFO] [stdout] error: aborting due to 31 previous errors
[INFO] [stdout] 
[INFO] [stdout] 
[INFO] [stdout] Some errors have detailed explanations: E0412, E0425.
[INFO] [stdout] 
[INFO] [stdout] For more information about an error, try `rustc --explain E0412`.
[INFO] [stdout] 
[INFO] [stderr] error: could not compile `evercraft`.
[INFO] [stderr] 
[INFO] [stderr] To learn more, run the command again with --verbose.
[INFO] [stderr] warning: build failed, waiting for other jobs to finish...
[INFO] [stdout] error: aborting due to 32 previous errors
[INFO] [stdout] 
[INFO] [stdout] 
[INFO] [stdout] Some errors have detailed explanations: E0412, E0425, E0432.
[INFO] [stdout] 
[INFO] [stdout] For more information about an error, try `rustc --explain E0412`.
[INFO] [stdout] 
[INFO] [stderr] error: build failed
[INFO] running `Command { std: "docker" "inspect" "76351694e4f56b55ce6b8b1a2e23d79865243622ebb2126f35683dc4c985cfcf", kill_on_drop: false }`
[INFO] running `Command { std: "docker" "rm" "-f" "76351694e4f56b55ce6b8b1a2e23d79865243622ebb2126f35683dc4c985cfcf", kill_on_drop: false }`
[INFO] [stdout] 76351694e4f56b55ce6b8b1a2e23d79865243622ebb2126f35683dc4c985cfcf
